{"id":1122,"date":"2019-12-18T19:48:32","date_gmt":"2019-12-18T19:48:32","guid":{"rendered":"https:\/\/insart.quickpage.pl\/?page_id=1122"},"modified":"2023-08-13T14:32:45","modified_gmt":"2023-08-13T14:32:45","slug":"politykaprywatnosci","status":"publish","type":"page","link":"https:\/\/irc-consulting.pl\/index.php\/politykaprywatnosci\/","title":{"rendered":"PolitykaPrywatnosci"},"content":{"rendered":"<p>[vc_section bklyn_section_anchor_id=&#8221;Work&#8221; el_name=&#8221;First Section \/ Work&#8221;][vc_row][vc_column width=&#8221;1\/4&#8243;][\/vc_column][vc_column width=&#8221;1\/2&#8243;][vc_column_text el_class=&#8221;tekst_just&#8221;]<\/p>\n<h2><strong>Polityka prywatno\u015bci, ochrona danych osobowych i\u00a0wykorzystywania plik\u00f3w Cookies w\u00a0serwisie internetowym.<\/strong><\/h2>\n<p>Firma pod nazw\u0105 Insurance Risk Consulting W\u0142odzimierz Szyszka(dalej: \u201eFirma\u201d, albo \u201eADO\u201d), przywi\u0105zuje szczeg\u00f3ln\u0105 wag\u0119 do poszanowania prywatno\u015bci u\u017cytkownik\u00f3w odwiedzaj\u0105cych serwis internetowym w\u00a0domenie \u201eirc-consulting.pl\u201d.<\/p>\n<p>Dane gromadzone w\u00a0dziennikach log\u00f3w serwisu internetowego s\u0105 wykorzystywane tylko i\u00a0wy\u0142\u0105cznie do jego administrowania. Firma nie zabiega o\u00a0identyfikacj\u0119 u\u017cytkownik\u00f3w strony. \u017badne dane identyfikacyjne u\u017cytkownika serwisu, nie s\u0105 gromadzone bez zgody i powiadomienia a nast\u0119pnie przetwarzanie w spos\u00f3b, inny, ni\u017c podany w niniejszej \u201ePolityce prywatno\u015bci\u201d, jak r\u00f3wnie\u017c nie s\u0105 przekazywane do jakiejkolwiek strony trzeciej.<\/p>\n<p><strong>Gromadzenie i przetwarzanie danych osobowych:<\/strong><\/p>\n<p>U\u017cytkownicy serwisu internetowego nie maj\u0105 obowi\u0105zku podawania swoich danych osobowych, aby m\u00f3c skorzysta\u0107 z jego zasob\u00f3w.<\/p>\n<p>Za po\u015brednictwem serwisu internetowego, poprzez formularze kontaktowe, mog\u0105 by\u0107 pozyskiwane dane osobowe, dobrowolnie udost\u0119pnione przez u\u017cytkownik\u00f3w, m.in. w celach nawi\u0105zania kontaktu z Firm\u0105. W takim przypadku zgoda u\u017cytkownika na przetwarzanie jego danych osobowych zostanie pozyskana zgodnie z obowi\u0105zuj\u0105cymi przepisami o ochronie danych osobowych przez Firm\u0119 (ADO), kt\u00f3ry poinformuje u\u017cytkownika o zbieraniu i przetwarzaniu danych osobowych przed ich pozyskaniem i rozpocz\u0119ciem przetwarzania.<\/p>\n<p>Firma (ADO) przetwarza dane osobowe wskazane w formularzu kontaktowym, w celu telefonicznego i\/lub mailowego skontaktowania si\u0119 z osob\u0105, kt\u00f3ra wype\u0142ni\u0142a formularz kontaktowy.<\/p>\n<p>Witryna i umieszczone na niej formularza kontaktowe nie s\u0142u\u017c\u0105 pozyskiwaniu i przetwarzaniu danych osobowych szczeg\u00f3lnej kategorii.<\/p>\n<p><strong>Klauzula informacyjna ADO (Administratora Danych Osobowych):<\/strong><\/p>\n<p>Na podstawie art. 13 rozporz\u0105dzenia Parlamentu Europejskiego i Rady (UE) 2016\/679, z dnia 27 kwietnia 2016r., w sprawie ochrony os\u00f3b fizycznych w zwi\u0105zku z przetwarzaniem danych osobowych i w sprawie swobodnego przep\u0142ywu takich danych oraz uchylenia dyrektywy 95\/46\/WE (og\u00f3lne rozporz\u0105dzenie o ochronie danych) (Dz.U. UE. z 2016r., L 119, poz. 1) (RODO), Sp\u00f3\u0142k\u0105 (ADO) informuje, co nast\u0119puje:<\/p>\n<ol>\n<li>Administratorem danych osobowych (ADO) jest firma pod nazw\u0105 Insurance Risk Consulting W\u0142odzimierz Szyszka, z siedzib\u0105 w Warszawie (03-846), przy ul. Stanis\u0142awa Augusta 75\/42, NIP: 9522115592, REGON: 143329982.<\/li>\n<\/ol>\n<p>Adres do korespondencji: Insurance Risk Consulting W\u0142odzimierz Szyszka., ul. Stanis\u0142awa Augusta 75\/42, 03-846 Warszawa<\/p>\n<ol>\n<li>W sprawach zwi\u0105zanych z przetwarzaniem danych osobowych mo\u017cna si\u0119 skontaktowa\u0107 pisz\u0105c na adres ADO lub adres poczty elektronicznej wlodzimierz.szyszka@irc-consulting.pl.<\/li>\n<li>Dane osobowe pozyskane za po\u015brednictwem serwisu internetowego b\u0119d\u0105 przetwarzane w celu:\n<ol>\n<li>nawi\u0105zania kontaktu z osob\u0105, kt\u00f3ra przekaza\u0142a swoje dane osobowe,<\/li>\n<li>odpowiedzi na\u00a0pytanie, wniosek lub reklamacj\u0119, z\u0142o\u017con\u0105 w\u00a0przeznaczonym do tego formularzu kontaktowym przez osob\u0119, kt\u00f3ra przekaza\u0142a w tym celu swoje dane osobowe;<\/li>\n<\/ol>\n<\/li>\n<\/ol>\n<p>podstaw\u0105 prawn\u0105 przetwarzania danych osobowych, w ww. okoliczno\u015bciach jest art. 6 ust. 1 lit. f) RODO\u2014uzasadniony interes prawny;<\/p>\n<ol>\n<li>Podanie danych osobowych za po\u015brednictwem formularza kontaktowego w serwisie internetowym jest dobrowolne, ale niezb\u0119dne do podj\u0119cia przez ADO jakichkolwiek czynno\u015bci zwi\u0105zanych z tre\u015bci\u0105 przekazan\u0105 przez u\u017cytkownika serwisu internetowego.<\/li>\n<li>Odbiorc\u0105 danych osobowych przekazanych za po\u015brednictwem serwisu internetowego, do cel\u00f3w opisanych powy\u017cej, opr\u00f3cz ADO, mog\u0105 by\u0107 podmioty uprawnione do tego na podstawie przepis\u00f3w prawa i\/lub \u015bwiadcz\u0105ce us\u0142ugi na rzecz ADO, na podstawie odr\u0119bnych um\u00f3w, je\u017celi b\u0119dzie to wynika\u0142o z tre\u015bci zawartej w formularzu.<\/li>\n<li>Dane osobowe b\u0119d\u0105 przechowywane przez czas okre\u015blony przepisami prawa, a w przypadku przetwarzania na podstawie zgody \u2014 po ustaniu celu, w jakim zosta\u0142y udzielone, albo po wycofaniu wcze\u015bniej udzielonej zgody.<\/li>\n<li>Osoba, kt\u00f3rej dane osobowe dotycz\u0105, posiada prawo do:\n<ol>\n<li>\u017c\u0105dania od ADO dost\u0119pu do danych osobowych oraz prawo ich sprostowania, usuni\u0119cia lub ograniczenia przetwarzania, wniesienia sprzeciwu wobec ich przetwarzania oraz do przenoszenia danych;<\/li>\n<li>je\u017celi przetwarzanie odbywa si\u0119 na podstawie zgody \u2013 do cofni\u0119cia zgody w dowolnym momencie, bez wp\u0142ywu na zgodno\u015b\u0107 z prawem przetwarzania, kt\u00f3rego dokonano na przed jej cofni\u0119ciem;<\/li>\n<li>wniesienia skargi do Prezesa Urz\u0119du Ochrony Danych Osobowych (00-193 Warszawa, ul. Stawki 2), gdy uzna, \u017ce przetwarzania dotycz\u0105cych jej danych narusza przepisy RODO;<\/li>\n<\/ol>\n<\/li>\n<\/ol>\n<p>z zastrze\u017ceniem odr\u0119bnych przepis\u00f3w, kt\u00f3re mog\u0105 ograniczy\u0107 wszystkie b\u0105d\u017a poszczeg\u00f3lne prawa.<\/p>\n<ol>\n<li>Dane osobowe pozyskane za po\u015brednictwem serwisu internetowego nie b\u0119d\u0105 przetwarzane w spos\u00f3b zautomatyzowany oraz nie b\u0119d\u0105 profilowane.<\/li>\n<li>Dane osobowe pozyskane za po\u015brednictwem serwisu internetowego nie b\u0119d\u0105 przekazywane do pa\u0144stw trzecich oraz do organizacji mi\u0119dzynarodowych.<\/li>\n<\/ol>\n<p><strong>Wykorzystywanie plik\u00f3w \u201eCookies\u201d w serwisie internetowym:<\/strong><\/p>\n<ol>\n<li>Serwis internetowy wykorzystuje technik\u0119 plik\u00f3w typu \u201cCookies\u201d (zwanych tak\u017ce \u201eciasteczkami\u201d).<\/li>\n<li>Pliki \u201eCookies\u201d stanowi\u0105 niewielkie pliki tekstowe, kt\u00f3re przechowywane s\u0105 w urz\u0105dzeniu ko\u0144cowym u\u017cytkownika serwisu internetowego (komputerze, telefonie, tablecie) i przeznaczone s\u0105 do korzystania ze stron internetowych serwisu. \u201eCookies\u201d zawieraj\u0105 nazw\u0119 strony internetowej, czas przechowywania ich na urz\u0105dzeniu ko\u0144cowym oraz unikalny identyfikator.<\/li>\n<li>Podmiotem zamieszczaj\u0105cym na urz\u0105dzeniu ko\u0144cowym u\u017cytkownika serwisu pliki \u201eCookies\u201d oraz uzyskuj\u0105cym do nich dost\u0119p jest operator witryny www.insart.com.pl jest Sp\u00f3\u0142ka.<\/li>\n<li>Pliki \u201eCookies\u201d wykorzystywane s\u0105 w celu:\n<ol>\n<li>dostosowania zawarto\u015bci stron internetowych serwisu do preferencji u\u017cytkownika oraz optymalizacji korzystania ze stron internetowych; w szczeg\u00f3lno\u015bci pliki te pozwalaj\u0105 rozpozna\u0107 urz\u0105dzenie u\u017cytkownika serwisu i odpowiednio wy\u015bwietli\u0107 stron\u0119 internetow\u0105, dostosowan\u0105 do jego indywidualnych potrzeb;<\/li>\n<li>tworzenia statystyk, kt\u00f3re pomagaj\u0105 zrozumie\u0107, w jaki spos\u00f3b u\u017cytkownicy serwisu korzystaj\u0105 ze stron internetowych, co pozwala na ulepszanie ich struktury i zawarto\u015bci;<\/li>\n<li>utrzymanie sesji u\u017cytkownika serwisu (po zalogowaniu), dzi\u0119ki kt\u00f3rej u\u017cytkownik nie musi na ka\u017cdej podstronie Serwisu ponownie wpisywa\u0107 loginu i has\u0142a.<\/li>\n<\/ol>\n<\/li>\n<li>W ramach serwisu internetowego mog\u0105 by\u0107 stosowane dwa rodzaje plik\u00f3w \u201eCookies\u201d \u2013 tymczasowe (sesyjne) i sta\u0142e. Pliki \u201eCookies\u201d tymczasowe (sesyjne) s\u0105 to pliki przechowywane s\u0105 w urz\u0105dzeniu ko\u0144cowym u\u017cytkownika do czasu wylogowania si\u0119, opuszczenia serwisu internetowego lub wy\u0142\u0105czenia przegl\u0105darki internetowej. Pliki \u201eCookies\u201d sta\u0142e s\u0105 zapisywane i przechowywane na urz\u0105dzeniu ko\u0144cowym u\u017cytkownika przez czas okre\u015blony w ich parametrach lub do momentu ich usuni\u0119cia przez u\u017cytkownika.<\/li>\n<li>U\u017cytkownicy serwisu mog\u0105 dokona\u0107 w ka\u017cdym czasie zmiany ustawie\u0144 dotycz\u0105cych plik\u00f3w \u201eCookies\u201d. Ustawienia te mog\u0105 zosta\u0107 zmienione w szczeg\u00f3lno\u015bci w taki spos\u00f3b, aby blokowa\u0107 automatyczn\u0105 obs\u0142ug\u0119 plik\u00f3w \u201eCookies\u201d w ustawieniach przegl\u0105darki internetowej b\u0105d\u017a informowa\u0107 o ich ka\u017cdorazowym zamieszczeniu w urz\u0105dzeniu u\u017cytkownika serwisu. Szczeg\u00f3\u0142owe informacje o mo\u017cliwo\u015bci i sposobach obs\u0142ugi plik\u00f3w \u201eCookies\u201d dost\u0119pne s\u0105 w ustawieniach przegl\u0105darki internetowej. Dok\u0142adne instrukcje dla najpopularniejszych typ\u00f3w przegl\u0105darek dost\u0119pne s\u0105 pod adresami:<br \/>\n<a href=\"https:\/\/support.google.com\/chrome\/answer\/95647?hl=pl\">\u2013 Google Chrome<\/a><br \/>\n<a href=\"https:\/\/support.mozilla.org\/pl\/kb\/ciasteczka?redirectlocale=en-US&amp;redirectslug=Cookies\">\u2013 Mozilla Firefox<\/a><br \/>\n<a href=\"https:\/\/support.microsoft.com\/en-us\/windows?ui=en-US&amp;rs=en-001&amp;ad=US\">\u2013 Microsoft Internet Explorer<\/a><br \/>\n<a href=\"https:\/\/support.apple.com\/pl-pl\/guide\/safari\/sfri11471\/mac\">\u2013 Apple Safari<\/a><br \/>\n<a href=\"https:\/\/help.opera.com\/en\/latest\/web-preferences\/#cookies\">\u2013 Opera<\/a><\/li>\n<li>Operator witryny www.irc-consulting.pl informuje, \u017ce ograniczenia, b\u0105d\u017a wy\u0142\u0105czenie stosowania plik\u00f3w \u201eCookies\u201d mog\u0105 wp\u0142yn\u0105\u0107 na ograniczenie albo wy\u0142\u0105czenie dzia\u0142ania i\/lub funkcjonalno\u015b\u0107 niekt\u00f3re funkcje serwisu.<\/li>\n<li>Serwis mo\u017ce u\u017cywa\u0107 plik\u00f3w \u201eCookies\u201d w\u0142asnych oraz nale\u017c\u0105cych do podmiot\u00f3w trzecich, realizuj\u0105cych okre\u015blone us\u0142ugi zwi\u0105zane m.in. z tworzeniem statystyk odpowiedzialno\u015bci oraz mierzeniem ruchu w serwisie.<\/li>\n<li>Pliki \u201eCookies\u201d zamieszczane w urz\u0105dzeniu ko\u0144cowym u\u017cytkownika serwisu wykorzystywane mog\u0105 by\u0107 r\u00f3wnie\u017c przez wsp\u00f3\u0142pracuj\u0105cych z operatorem serwisu reklamodawc\u00f3w oraz partner\u00f3w.<\/li>\n<\/ol>\n<p>[\/vc_column_text][\/vc_column][vc_column width=&#8221;1\/4&#8243;][\/vc_column][\/vc_row][\/vc_section]<\/p>\n","protected":false},"excerpt":{"rendered":"<p>[vc_section bklyn_section_anchor_id=&#8221;Work&#8221; el_name=&#8221;First Section \/ Work&#8221;][vc_row][vc_column width=&#8221;1\/4&#8243;][\/vc_column][vc_column width=&#8221;1\/2&#8243;][vc_column_text el_class=&#8221;tekst_just&#8221;] Polityka prywatno\u015bci, ochrona danych osobowych i\u00a0wykorzystywania plik\u00f3w Cookies w\u00a0serwisie internetowym. Firma pod nazw\u0105 Insurance Risk Consulting W\u0142odzimierz Szyszka(dalej: \u201eFirma\u201d, albo \u201eADO\u201d), przywi\u0105zuje szczeg\u00f3ln\u0105 wag\u0119 do poszanowania prywatno\u015bci u\u017cytkownik\u00f3w odwiedzaj\u0105cych serwis internetowym w\u00a0domenie \u201eirc-consulting.pl\u201d. Dane gromadzone w\u00a0dziennikach log\u00f3w serwisu internetowego s\u0105 wykorzystywane tylko i\u00a0wy\u0142\u0105cznie do jego administrowania. [&hellip;]<\/p>\n","protected":false},"author":1,"featured_media":0,"parent":0,"menu_order":0,"comment_status":"closed","ping_status":"closed","template":"","meta":[],"_links":{"self":[{"href":"https:\/\/irc-consulting.pl\/index.php\/wp-json\/wp\/v2\/pages\/1122"}],"collection":[{"href":"https:\/\/irc-consulting.pl\/index.php\/wp-json\/wp\/v2\/pages"}],"about":[{"href":"https:\/\/irc-consulting.pl\/index.php\/wp-json\/wp\/v2\/types\/page"}],"author":[{"embeddable":true,"href":"https:\/\/irc-consulting.pl\/index.php\/wp-json\/wp\/v2\/users\/1"}],"replies":[{"embeddable":true,"href":"https:\/\/irc-consulting.pl\/index.php\/wp-json\/wp\/v2\/comments?post=1122"}],"version-history":[{"count":12,"href":"https:\/\/irc-consulting.pl\/index.php\/wp-json\/wp\/v2\/pages\/1122\/revisions"}],"predecessor-version":[{"id":1493,"href":"https:\/\/irc-consulting.pl\/index.php\/wp-json\/wp\/v2\/pages\/1122\/revisions\/1493"}],"wp:attachment":[{"href":"https:\/\/irc-consulting.pl\/index.php\/wp-json\/wp\/v2\/media?parent=1122"}],"curies":[{"name":"wp","href":"https:\/\/api.w.org\/{rel}","templated":true}]}}